n divisor of v and 7.
7
Suppose -5*l - 3*m + 12 = 0, -5*m + 10*m - 20 = 5*l. Suppose 3*k = -5*y + k + 219, y - 2*k - 39 = l. Calculate the greatest common factor of 473 and y.
43
Suppose -9*j = -51*j + 1008. Calculate the greatest common divisor of 1182 and j.
6
Let u = 21 + 6. Suppose 5*j - 2*j - u = 0. Suppose 4*m - j - 35 = 0. What is the greatest common divisor of 22 and m?
11
Let f = 684 - 681. Suppose 5*y = -l - 15 + 38, 5*y + 49 = f*l. Calculate the greatest common divisor of 8 and l.
2
Let m = 232 - 222. Suppose 0 = m*s - 177 - 103. What is the greatest common factor of s and 63?
7
Let k(a) = 170*a**3 - 6*a**2 + 31*a - 38. Let s be k(2). What is the highest common factor of s and 32?
16
Suppose p = 2*p - 7. Suppose p*j - 90 = 2*j. Let z be -3*(-1412)/60 + (-42)/(-30). Calculate the highest common factor of z and j.
18
Let v be 10122/(-16) - (-7)/56*-3. Let l = -249 - v. Calculate the highest common factor of 16 and l.
16
Let n(w) = 3 - 8 + 2 - w**3 - 5*w + 8*w**2 - 6. Let a be n(7). Suppose -a*x = -26 - 69. What is the greatest common divisor of x and 114?
19
Let a be (7/2 + -5)/(6/(-344)). Suppose 87*c - 105 = a*c. Calculate the greatest common factor of c and 42.
21
Suppose -103 = 8*v - 95. Let z(s) = 23*s**2 - 6*s - 5. Let x be z(v). Calculate the highest common divisor of 56 and x.
8
Let m(h) = 11*h**2 + 154*h + 11. Let z be m(-22). Calculate the highest common factor of z and 413.
59
Suppose -16*a = -22*a + 24. Suppose 0 = a*x, 3*x + 40 = 26*n - 22*n. Calculate the highest common divisor of 830 and n.
10
Let o(f) = -f**3 + 25*f**2 - 22*f + 69. Let s be o(25). Let t = -467 - s. Calculate the highest common factor of 77 and t.
7
Suppose -40*t = -807 - 2826 + 553. Calculate the greatest common factor of 968 and t.
11
Let p be 280 - ((-56)/42 - 26/3). What is the highest common divisor of p and 4640?
290
Let u = 337 + -331. Suppose u*q = 11*q - 105. Calculate the greatest common divisor of q and 140.
7
Let o be 2/11 + -4 + 19960/88. Suppose -6*m + 5*t + o = -3*m, 5*t = -m + 101. Calculate the greatest common divisor of 216 and m.
27
Let l be 0 - (-2 - 140 - -2). Let r(t) = t**3 - 36*t**2 + 119*t + 344. Let w be r(32). What is the greatest common factor of l and w?
28
Suppose -3*o + 45 = 3*m, 2*m - 28 = -2*o - 2*m. Let l be -1 + 0 + (-6)/(-6)*o. Let r = 342 + -162. Calculate the greatest common divisor of l and r.
15
Let m = 5282 - 4985. Calculate the highest common divisor of m and 198.
99
Let b(v) = 2*v**3 - 20*v**2 + 11*v + 23. Let x be b(10). Suppose o - 20*w = -15*w + x, -5*o + 5*w + 645 = 0. What is the highest common factor of 32 and o?
32
Suppose -5*r + 575 = -715. Let a = r + -248. Calculate the greatest common factor of 30 and a.
10
Suppose 0 = -3*b - x + 51, -4*b + 81 = -0*b - 3*x. Let l = 109 - b. Suppose -r = 3*n - 44, r + 41 = 2*n + 4*r. Calculate the greatest common divisor of n and l.
13
Let a(p) = 11*p**2 + 31. Let x be a(4). Calculate the highest common divisor of 99 and x.
9
Let i = 14784 - -2623. What is the highest common factor of 103 and i?
103
Suppose 5*y = -y - 4*y + 390. What is the greatest common factor of 1911 and y?
39
Let b be (-6)/8*(-928)/24. Suppose -1935 = -7*r - 311. Calculate the greatest common divisor of r and b.
29
Suppose 15*o = -5*v + 10*o + 155, 3*v - 108 = 2*o. Calculate the highest common factor of 14314 and v.
34
Suppose -4*j + 467 = -c, -4*j + 465 = -8*c + 5*c. What is the highest common factor of 156 and j?
39
Suppose 2*y - s - 51 = 0, -4*y - 10*s + 101 = -13*s. What is the greatest common divisor of 546 and y?
26
Let c be (-4)/(-6) + 42/9*-1. Let k be 686/42 - c/6. Calculate the greatest common divisor of 51 and k.
17
Let x = 426 - 446. Let t be x*((-5)/(150/162) - -5). Calculate the highest common factor of t and 14.
2
Let w = 1188 - 2183. Let k = w + 1020. What is the highest common divisor of 225 and k?
25
Let d(l) = l**2 + 69*l - 3492. Let s be d(36). What is the highest common factor of s and 3204?
36
Suppose 3*n + 16 + 136 = j, 3*j = 5*n + 468. Suppose 5*b - 14 = -5*a + j, a + 76 = 2*b. Let v = b + -28. Calculate the highest common factor of v and 36.
9
Suppose -2*h - h + 32 = -o, -h = 5*o + 96. Let u be 62/5 + (-12)/o. Suppose -5*n + 22 = -u. Calculate the highest common divisor of 112 and n.
7
Let q = -1260 - -3412. Calculate the highest common factor of 16 and q.
8
Suppose 5*o + 40 = 265. Suppose -2*m + 126 = 2*j, -38*j - 498 = -6*m - 34*j. Calculate the greatest common divisor of m and o.
15
Suppose 5*a - 800 = -5*c, -2*c - 41 = a - 361. What is the greatest common factor of c and 70?
10
Let o be (-99)/264 + 2214/16 - 1. What is the greatest common factor of o and 19043?
137
Let t(c) = 7*c**2 - 26*c - 1121. Let n be t(-43). Calculate the greatest common divisor of n and 20.
20
Let h = 20 - 140. Let z be (14/(-105) - 346/h)*72. Suppose 4*q - 5*j - 63 = 0, 106 = 5*q + 3*j - 19. Calculate the highest common factor of z and q.
22
Suppose -9 = 3*i, 3*u + i - 3 = -0. Suppose u = -2*c + 10. Suppose 5*z = 8*z - 24. Calculate the greatest common factor of c and z.
4
Let k = -248 + 287. Let d be -2 - (k - -5)/(-4). What is the greatest common divisor of d and 234?
9
Suppose x - 4*o - 39 = 0, o + 30 + 6 = x. Let p(h) = 2*h**3 - 56*h**2 + 3*h - 79. Let b be p(28). What is the greatest common factor of x and b?
5
Suppose 5*w = -5*j + 30, 5*w - 21 = 4. Suppose j = -6*f + 31. Let m(a) = 3*a**2 - 6*a - 5. Let z be m(f). What is the greatest common divisor of z and 60?
20
Let y be (3 - 10) + 2 - -32. Suppose 70 = -y*n + 32*n. Calculate the greatest common divisor of 14 and n.
14
Let f = -33078 + 33313. What is the greatest common factor of 245 and f?
5
Let a(o) = -293*o + 3822. Let b be a(13). What is the greatest common divisor of b and 20?
1
Let q(o) = 19*o**2 - 153*o + 54. Let s be q(29). Calculate the highest common factor of 52 and s.
52
Let a be 6222/85*40/12. What is the highest common divisor of a and 3294?
122
Let i be (-23092)/138*(-369)/6. Calculate the highest common divisor of i and 41.
41
Let s(m) = 9*m**2 + 15*m - 21. Let x be s(8). Calculate the highest common divisor of 25 and x.
25
Let c = -10625 + 12798. What is the greatest common divisor of c and 159?
53
Let f be 6189 - ((-5)/(-6) - 39/(-18) - 5). What is the greatest common divisor of 41 and f?
41
Let p be (1 + 4)*18/5. Suppose 0 = -p*z + 23*z - 120. What is the highest common factor of z and 84?
12
Let n(x) = x + 2. Let g be n(5). Let c = -69 - -71. Let t be (12 + c)/(-2)*(-6)/6. Calculate the highest common divisor of g and t.
7
Let w = -31 + 35. Suppose 0 = w*d - f - f + 16, -2*f = 0. Let n be d/(-14) + ((-222)/(-7) - 0). Calculate the highest common divisor of 4 and n.
4
Let a be 3/2*182/(-105)*-10. Let s(y) = y**3 + 6*y**2 + 3*y - 9. Let u be s(-5). What is the highest common factor of u and a?
1
Let f(q) = 4*q**2 + 11*q - 54. Let x(m) = -7*m**2 - 19*m + 107. Let p(w) = -5*f(w) - 3*x(w). Let n be p(-11). What is the highest common divisor of 108 and n?
12
Let o be (2/(-4))/(17/(-1020)). Suppose 0 = -43*q + 51*q - 264. Let l = q + o. Calculate the highest common factor of 18 and l.
9
Suppose -9*l = 104*l + l - 17100. Calculate the greatest common divisor of 1450 and l.
50
Suppose 5*m - 3*x = 40, 5*m - x - 29 = 11. Let v = -17 - -19. Suppose g + v = 2*g. What is the highest common divisor of g and m?
2
Let d(a) = 262*a**2 + 173*a + 874. Let c be d(-5). What is the highest common divisor of 21 and c?
7
Let a = -5829 + 5864. What is the greatest common factor of a and 85?
5
Suppose -21*z - 9570 = 8*z. Let k = z - -344. What is the highest common divisor of k and 28?
14
Suppose -3*f - 3*l = -0*f - 36, f = -5*l. Suppose 151 + 449 = -f*m. Let t be 29/(-29) - 3*m. Calculate the highest common divisor of t and 17.
17
Let t be -8 - -8 - (-10 - -1). Suppose 0 = 35*j - 34*j - 6. Calculate the highest common divisor of t and j.
3
Let d(u) = -15*u**2 - 2. Let q be d(2). Let x = -63 - q. Let b be x + 2 + (5 - (-1 - 254)). Calculate the highest common divisor of b and 29.
29
Let y = -2256 - -2766. Calculate the highest common factor of 595 and y.
85
Let a(v) = -v**3 + 4*v**2 + 97*v - 4. Let j be a(12). What is the highest common divisor of 11736 and j?
8
Let j(q) = -2 + 2 - 6*q - 10 + 33. Let l be j(-8). Let c = l - 65. What is 